631 a prime number?
False
Is 456697 prime?
True
Is 302111 composite?
False
Is 432811 a composite number?
True
Is 9115 a composite number?
True
Is 239698 a composite number?
True
Is 115301 a prime number?
True
Is 11597 a prime number?
True
Is 5534 composite?
True
Is 66227 a prime number?
False
Is 10763 composite?
True
Is 2053 a prime number?
True
Is 2179 composite?
False
Is 2267 a prime number?
True
Is 724771 prime?
False
Is 17401 prime?
True
Is 1103 composite?
False
Is 75323 composite?
False
Is 9017 a prime number?
False
Is 43961 a composite number?
False
Is 44903 prime?
False
Is 45827 composite?
False
Is 1336942 a composite number?
True
Is 12633 prime?
False
Is 1543 prime?
True
Is 294383 a prime number?
True
Is 95701 a prime number?
True
Is 561907 a composite number?
False
Is 98695 a prime number?
False
Is 355609 a composite number?
False
Is 583883 a composite number?
True
Is 491 a prime number?
True
Is 3637 a prime number?
True
Is 64651 prime?
False
Is 1327 a prime number?
True
Is 69181 prime?
False
Is 7355 a composite number?
True
Is 228281 a composite number?
False
Is 14969 composite?
False
Is 184949 a prime number?
True
Is 16879 composite?
False
Is 35023 a composite number?
False
Is 7993 a composite number?
False
Is 557381 composite?
True
Is 20681 composite?
False
Is 3901 a prime number?
False
Is 256898 composite?
True
Is 413161 composite?
True
Is 1241 a prime number?
False
Is 968547 composite?
True
Is 63689 prime?
True
Is 75151 a composite number?
True
Is 3739 a composite number?
False
Is 12809 a composite number?
False
Is 1027 prime?
False
Is 167191 composite?
False
Is 6274 a composite number?
True
Is 51931 composite?
True
Is 7087 composite?
True
Is 52449 composite?
True
Is 3287 a prime number?
False
Is 1990565 a prime number?
False
Is 382477 composite?
True
Is 479 composite?
False
Is 10901 a prime number?
False
Is 7591 a prime number?
True
Is 5663 a prime number?
False
Is 39323 prime?
True
Is 24686 a composite number?
True
Is 77383 a prime number?
True
Is 28289 prime?
True
Is 232201 composite?
True
Is 40601 a prime number?
False
Is 134933 a prime number?
False
Is 6007 composite?
False
Is 44921 a prime number?
False
Is 88493 a prime number?
True
Is 3433 composite?
False
Is 136057 composite?
False
Is 37489 a prime number?
True
Is 35729 composite?
False
Is 6457 prime?
False
Is 88931 a composite number?
True
Is 96961 prime?
False
Is 32423 composite?
False
Is 53113 a composite number?
False
Is 600167 prime?
True
Is 1951907 prime?
False
Is 378694 a composite number?
True
Is 540727 a composite number?
True
Is 260581 prime?
True
Is 291619 a prime number?
True
Is 1250057 composite?
False
Is 112673 composite?
True
Is 738677 a prime number?
True
Is 720787 prime?
False
Is 534895 composite?
True
Is 9173 prime?
True
Is 181039 a prime number?
True
Is 449 prime?
True
Is 228583 prime?
False
Is 7121 a prime number?
True
Is 56843 a composite number?
False
Is 141 a prime number?
False
Is 750511 prime?
False
Is 6947 a composite number?
False
Is 48171 composite?
True
Is 271613 composite?
True
Is 19007 a prime number?
False
Is 286673 a prime number?
True
Is 4057 prime?
True
Is 9587 a prime number?
True
Is 31765 a prime number?
False
Is 1214 a composite number?
True
Is 27173 prime?
False
Is 22141 a prime number?
False
Is 2753819 a prime number?
True
Is 139829 a composite number?
True
Is 515209 prime?
False
Is 77239 a prime number?
True
Is 178401 a composite number?
True
Is 34115 composite?
True
Is 57527 a composite number?
False
Is 55291 prime?
True
Is 399661 composite?
True
Is 233431 prime?
False
Is 2129 a prime number?
True
Is 1147 composite?
True
Is 1531 a composite number?
False
Is 4861 a prime number?
True
Is 81839 a composite number?
False
Is 992051 a prime number?
True
Is 3973 a composite number?
True
Is 177907 prime?
True
Is 495706 prime?
False
Is 51533 a prime number?
False
Is 922847 prime?
False
Is 1601017 a composite number?
True
Is 30029 a composite number?
False
Is 77207 composite?
True
Is 191879 a prime number?
False
Is 24251 composite?
False
Is 8941 prime?
True
Is 206029 a prime number?
False
Is 1518719 a composite number?
True
Is 8186 composite?
True
Is 155443 composite?
False
Is 8419 a composite number?
False
Is 135259 composite?
True
Is 18559 prime?
False
Is 185267 a prime number?
True
Is 134759 a prime number?
False
Is 21431 prime?
False
Is 44483 prime?
True
Is 87509 a composite number?
False
Is 173093 a prime number?
False
Is 194343 composite?
True
Is 871 composite?
True
Is 3691 a prime number?
True
Is 1039 prime?
True
Is 16057 a prime number?
True
Is 29199 composite?
True
Is 36739 a prime number?
True
Is 87287 composite?
True
Is 6001 a prime number?
False
Is 965023 prime?
True
Is 2899903 a prime number?
True
Is 103769 a composite number?
False
Is 20201 a prime number?
True
Is 537 a composite number?
True
Is 2059969 composite?
True
Is 226169 a composite number?
False
Is 1132429 composite?
False
Is 92623 a composite number?
False
Is 10831 composite?
False
Is 599231 composite?
False
Is 65787 prime?
False
Is 5714 a composite number?
True
Is 3949 composite?
True
Is 1817 prime?
False
Is 105333 prime?
False
Is 27623 prime?
False
Is 100571 prime?
False
Is 37427 prime?
False
Is 1140539 composite?
False
Is 74301 composite?
True
Is 7382 a composite number?
True
Is 10033 prime?
False
Is 1418 composite?
True
Is 676501 a composite number?
True
Is 1189319 composite?
True
Is 3435391 a prime number?
True
Is 117707 prime?
False
Is 3015887 composite?
True
Is 2161 composite?
False
Is 27123 composite?
True
Is 26407 prime?
True
Is 5837 prime?
False
Is 1397 composite?
True
Is 204871 a composite number?
False
Is 324689 composite?
False
Is 6927 a composite number?
True
Is 17831 prime?
False
Is 94151 prime?
True
Is 11197 composite?
False
Is 17403 composite?
True
Is 7241 a composite number?
True
Is 487327 prime?
False
Is 191 composite?
False
Is 3041 a composite number?
False
Is 776287 prime?
True
Is 67103 a prime number?
True
Is 28807 a composite number?
False
Is 112481 prime?
True
Is 282053 prime?
True
Is 18479 a prime number?
False
Is 854351 a prime number?
True
Is 84053 a prime number?
True
Is 21089 a composite number?
False
Is 44017 prime?
True
Is 1439 a composite number?
False
Is 53527 a composite number?
False
Is 31481 a composite number?
False
Is 162943 a prime number?
False
Is 1743187 a prime number?
False
Is 815 prime?
False
Is 289283 a composite number?
False
Is 52789 prime?
False
Is 2959 composite?
True
Is 85889 prime?
True
Is 906461 a prime number?
True
Is 448109 a composite number?
True
Is 61865 a prime number?
False
Is 11179 a composite number?
True
Is 273029 a prime number?
True
Is 11429 a composite number?
True
Is 24547 prime?
True
Is 46241 a prime number?
False
Is 13173 prime?
False
Is 2287303 composite?
True
Is 35791 a composite number?
True
Is 9311 prime?
True
Is 71477 a composite number?
True
Is 7151 composite?
False
Is 8923 a composite number?
False
Is 12929 a prime number?
False
Is 531263 a composite number?
False
Is 601831 prime?
True
Is 31457 prime?
False
Is 19945 prime?
False
Is 907 a composite number?
False
Is 21361 a composite number?
True
Is 1285 a prime number?
False
Is 118981 a composite number?
True
Is 30183 a prime number?
False
Is 1076003 composite?
False
Is 68207 prime?
True
Is 33221 a composite number?
True
Is 662819 composite?
False
Is 189737 composite?
True
Is 5167 a prime number?
True
Is 5431 prime?
True
Is 16543 composite?
True
Is 63487 a prime number?
True
Is 14765 prime?
False
Is 212821 a prime number?
False
Is 38953 composite?
False
Is 457 a composite number?
False
Is 11303 composite?
True
Is 1115 prime?
False
Is 11699947 a composite number?
True
Is 94439 a composite number?
False
Is 230273 a prime number?
True
Is 27991 a composite number?
True
Is 2749 prime?
True
Is 1765 a composite number?
True
Is 9518 prime?
False
Is 29147 prime?
True
Is 52489 a composite number?
False
Is 82939 a composite number?
False
Is 39367 a prime number?
True
Is 56659 composite?
False
Is 459607 a prime number?
True
Is 127 a prime number?
True
Is 8278 a composite number?
True
Is 5147 a composite number?
False
Is 3149 prime?
False
Is 456541 a prime number?
False
Is 33149 composite?
False
Is 1020035 a prime number?
False
Is 42451 prime?
True
Is 